{"id":1221,"date":"2024-10-03T14:48:37","date_gmt":"2024-10-03T14:48:37","guid":{"rendered":"https:\/\/allnet-flat.com\/?page_id=1221"},"modified":"2024-10-03T14:48:38","modified_gmt":"2024-10-03T14:48:38","slug":"ueber-uns","status":"publish","type":"page","link":"https:\/\/allnet-flat.com\/index.php\/ueber-uns\/","title":{"rendered":"\u00dcber uns"},"content":{"rendered":"<div class=\"wp-block-image\">\n<figure class=\"alignright size-medium\"><img loading=\"lazy\" decoding=\"async\" width=\"300\" height=\"300\" src=\"https:\/\/allnet-flat.com\/wp-content\/uploads\/2024\/10\/ueber-uns-300x300.jpg\" alt=\"\" class=\"wp-image-1225\" srcset=\"https:\/\/allnet-flat.com\/wp-content\/uploads\/2024\/10\/ueber-uns-300x300.jpg 300w, https:\/\/allnet-flat.com\/wp-content\/uploads\/2024\/10\/ueber-uns-150x150.jpg 150w, https:\/\/allnet-flat.com\/wp-content\/uploads\/2024\/10\/ueber-uns-768x768.jpg 768w, https:\/\/allnet-flat.com\/wp-content\/uploads\/2024\/10\/ueber-uns.jpg 1024w\" sizes=\"auto, (max-width: 300px) 100vw, 300px\" \/><\/figure>\n<\/div>\n\n\n<p>Es gibt keine tiefgr\u00fcndige Philosophie hinter <strong>https:\/\/allnet-flat.com<\/strong> und es gibt auch kein Lebensmotto, dass wir mit unserer Seite verbinden. Stattdessen geht es einfach darum, in der Welt der vielen Handyvertr\u00e4ge, Mobilfunk-Flatrates und Simkarte mit und ohne Vertrag eine gewissen Orientierung zu bieten und zu zeigen, wo sich die Angebote der Mobilfunk-Unternehmen auf dem Markt unterscheiden, wo es die  besten Preise gibt und auch was man im Kleingedruckten beachten sollte.<\/p>\n\n\n\n<p>Leider gibt es immer weniger Beratung in diesem Bereich, weil viele Shops mittlerweile in den St\u00e4dten nicht mehr existieren und auch im Netz finden sich immer weniger Webseiten, die dieses Thema aufgreifen. aher wollen wir mit <strong>allnet-flat.com<\/strong> genau diese L\u00fccke etwas schlie\u00dfen und professionelle Informationen zum Thema Mobilfunk und Telekommunikation anbieten, die man sonst immer weniger findet.<\/p>\n\n\n\n<p><strong>Drei wichtige Grunds\u00e4tze:<\/strong><\/p>\n\n\n\n<ul class=\"wp-block-list\">\n<li>Wir berichten \u00fcber <strong>Anbieter von Allnet-Flats<\/strong> und deren Offerten, einschlie\u00dflich eines Vergleichs der Konditionen und Tarifdetails. Obwohl sich die meisten Allnet-Flats nur in Details unterscheiden, sind sie ein wesentlicher Bestandteil unserer Berichterstattung. <\/li>\n\n\n\n<li>Ebenso werden <strong>Prepaid Allnet-Flats<\/strong> und die entsprechenden Anbieter behandelt. Prepaid-Angebote sind in den letzten Jahren immer attraktiver geworden und stellen oft eine gleichwertige Alternative zu vertraglichen Flatrates dar. <\/li>\n\n\n\n<li>Zus\u00e4tzlich befassen wir uns mit Bundles, bei denen eine <strong>Allnet-Flatrate zusammen mit einem Smartphone oder Handy angeboten werden<\/strong>. Diese Pakete bilden einen bedeutenden Marktanteil. Es ist daher essenziell, zu verstehen, welche Anbieter Ger\u00e4te verkaufen und worauf Kunden achten sollten. Solche Angebote sind in der Regel komplexer und teurer als eine reine Allnet-Flat ohne Ger\u00e4t, weshalb ausf\u00fchrlichere Artikel in diesem Bereich sinnvoll sind, um alle Fragen der Leserschaft zu kl\u00e4ren.<\/li>\n<\/ul>\n\n\n\n<p>Daneben ist nat\u00fcrlich noch eine wichtige Grundlage, dass wir bei <strong>allnet-flat.com<\/strong> unabh\u00e4ngig und anbieter-\u00fcbrgreifend arbeiten. Wir listen daher nicht nur die Tarife von einem bestimmten Anbieter oder auch einem Netz, sondern versuchen, alle Angebote zu erfassen und pr\u00e4sentieren sowohl kleine Anbieter, die nicht ganz so bekannt sind als auch gro\u00dfe Unternehmen und Marken. Die Idee dahinter: je mehr Informationen ein Verbraucher hat und je gr\u00f6\u00dfer die Auswahl ist, desto besser kann auch ein passender Handyvertrag gefunden werden (auch wenn es dann unter Umst\u00e4nden etwas l\u00e4nger dauert).<\/p>\n\n\n\n<p>Wir hoffen, auf diese Art und Weise mit unserer Seite f\u00fcr viele Nutzer den Einstieg in den mobilen Bereich etwas zu erleichten und vielleicht findet man so ja auch Anbeiter und Tarife, die man vorher gar nicht kannte und die dennoch besonders gut zum eigenen Nutzungsverhalten passen.<\/p>\n\n\n\n<p><em>Das Team von <strong>allnet-flat.com<\/strong><\/em><\/p>\n","protected":false},"excerpt":{"rendered":"<p>Es gibt keine tiefgr\u00fcndige Philosophie hinter https:\/\/allnet-flat.com und es gibt auch kein Lebensmotto, dass wir &#8230; <a title=\"\u00dcber uns\" class=\"read-more\" href=\"https:\/\/allnet-flat.com\/index.php\/ueber-uns\/\" aria-label=\"Mehr Informationen \u00fcber \u00dcber uns\">Weiterlesen &#8230;<\/a><\/p>\n","protected":false},"author":1,"featured_media":1062,"parent":0,"menu_order":0,"comment_status":"closed","ping_status":"closed","template":"","meta":{"footnotes":""},"class_list":["post-1221","page","type-page","status-publish","has-post-thumbnail"],"_links":{"self":[{"href":"https:\/\/allnet-flat.com\/index.php\/wp-json\/wp\/v2\/pages\/1221","targetHints":{"allow":["GET"]}}],"collection":[{"href":"https:\/\/allnet-flat.com\/index.php\/wp-json\/wp\/v2\/pages"}],"about":[{"href":"https:\/\/allnet-flat.com\/index.php\/wp-json\/wp\/v2\/types\/page"}],"author":[{"embeddable":true,"href":"https:\/\/allnet-flat.com\/index.php\/wp-json\/wp\/v2\/users\/1"}],"replies":[{"embeddable":true,"href":"https:\/\/allnet-flat.com\/index.php\/wp-json\/wp\/v2\/comments?post=1221"}],"version-history":[{"count":8,"href":"https:\/\/allnet-flat.com\/index.php\/wp-json\/wp\/v2\/pages\/1221\/revisions"}],"predecessor-version":[{"id":1232,"href":"https:\/\/allnet-flat.com\/index.php\/wp-json\/wp\/v2\/pages\/1221\/revisions\/1232"}],"wp:featuredmedia":[{"embeddable":true,"href":"https:\/\/allnet-flat.com\/index.php\/wp-json\/wp\/v2\/media\/1062"}],"wp:attachment":[{"href":"https:\/\/allnet-flat.com\/index.php\/wp-json\/wp\/v2\/media?parent=1221"}],"curies":[{"name":"wp","href":"https:\/\/api.w.org\/{rel}","templated":true}]}}